{"id":14,"date":"2022-09-18T11:51:26","date_gmt":"2022-09-18T04:51:26","guid":{"rendered":"https:\/\/utmot.mekorganic.com\/?page_id=14"},"modified":"2022-09-18T14:27:31","modified_gmt":"2022-09-18T07:27:31","slug":"mot-la-ai","status":"publish","type":"page","link":"https:\/\/utmot.mekorganic.com\/index.php\/mot-la-ai\/","title":{"rendered":"M\u00f3t l\u00e0 ai?"},"content":{"rendered":"\n<h2 class=\"has-text-align-center\">M\u00f3t l\u00e0 ai?<\/h2>\n\n\n\n<p><br><\/p>\n\n\n\n<p class=\"has-text-align-center\">&#8220;M\u00f3t l\u00e0 m\u1ed9t c\u00f4 g\u00e1i mi\u1ec1n T\u00e2y \u0111ang t\u1eadp l\u1edbn \u1edf S\u00e0i G\u00f2n\u2026&#8221;<\/p>\n\n\n\n<p><br><\/p>\n\n\n\n<p class=\"has-text-align-center\">M\u00ecnh l\u00e0 Di\u1ec7u Th\u1ea3o nh\u01b0ng cha \u0111\u00e3 \u0111\u1eb7t cho m\u00ecnh m\u1ed9t c\u00e1i t\u00ean th\u1eadt y\u00eau, th\u1eadt \u0111\u1eadm ch\u1ea5t mi\u1ec1n T\u00e2y l\u00e0 \u00dat M\u00f3t. V\u00e0 m\u00ecnh y\u00eau n\u00f3, m\u00ecnh y\u00eau c\u00e1i t\u00ean m\u00e0 cha \u0111\u1eb7c bi\u1ec7t d\u00e0nh cho c\u00f4 con g\u00e1i r\u01b0\u1ee3u c\u1ee7a m\u00ecnh.<\/p>\n\n\n\n<p class=\"has-text-align-center\">Th\u1ebf n\u00ean, h\u00e3y g\u1ecdi m\u00ecnh l\u00e0 M\u00f3t cho th\u1eadt g\u1ea7n g\u0169i v\u00e0 th\u00e2n th\u01b0\u01a1ng nh\u00e9!<\/p>\n\n\n<div class=\"wp-block-image\">\n<figure class=\"aligncenter size-full\"><img loading=\"lazy\" width=\"720\" height=\"540\" src=\"https:\/\/utmot.mekorganic.com\/wp-content\/uploads\/2022\/09\/utmot-mien-tay.jpeg\" alt=\"\" class=\"wp-image-52\" srcset=\"https:\/\/utmot.mekorganic.com\/wp-content\/uploads\/2022\/09\/utmot-mien-tay.jpeg 720w, https:\/\/utmot.mekorganic.com\/wp-content\/uploads\/2022\/09\/utmot-mien-tay-300x225.jpeg 300w\" sizes=\"(max-width: 720px) 100vw, 720px\" \/><\/figure><\/div>","protected":false},"excerpt":{"rendered":"<p>M\u00f3t l\u00e0 ai? &#8220;M\u00f3t l\u00e0 m\u1ed9t c\u00f4 g\u00e1i mi\u1ec1n T\u00e2y \u0111ang t\u1eadp l\u1edbn \u1edf S\u00e0i G\u00f2n\u2026&#8221; M\u00ecnh l\u00e0 Di\u1ec7u Th\u1ea3o nh\u01b0ng cha \u0111\u00e3 \u0111\u1eb7t cho m\u00ecnh m\u1ed9t c\u00e1i t\u00ean th\u1eadt y\u00eau, th\u1eadt \u0111\u1eadm ch\u1ea5t mi\u1ec1n T\u00e2y l\u00e0 \u00dat M\u00f3t. V\u00e0 m\u00ecnh y\u00eau n\u00f3, m\u00ecnh y\u00eau c\u00e1i t\u00ean m\u00e0 cha \u0111\u1eb7c bi\u1ec7t d\u00e0nh cho c\u00f4 con&#8230;<\/p>\n","protected":false},"author":1,"featured_media":0,"parent":0,"menu_order":0,"comment_status":"closed","ping_status":"closed","template":"","meta":{"om_disable_all_campaigns":false,"_mi_skip_tracking":false},"aioseo_notices":[],"_links":{"self":[{"href":"https:\/\/utmot.mekorganic.com\/index.php\/wp-json\/wp\/v2\/pages\/14"}],"collection":[{"href":"https:\/\/utmot.mekorganic.com\/index.php\/wp-json\/wp\/v2\/pages"}],"about":[{"href":"https:\/\/utmot.mekorganic.com\/index.php\/wp-json\/wp\/v2\/types\/page"}],"author":[{"embeddable":true,"href":"https:\/\/utmot.mekorganic.com\/index.php\/wp-json\/wp\/v2\/users\/1"}],"replies":[{"embeddable":true,"href":"https:\/\/utmot.mekorganic.com\/index.php\/wp-json\/wp\/v2\/comments?post=14"}],"version-history":[{"count":9,"href":"https:\/\/utmot.mekorganic.com\/index.php\/wp-json\/wp\/v2\/pages\/14\/revisions"}],"predecessor-version":[{"id":55,"href":"https:\/\/utmot.mekorganic.com\/index.php\/wp-json\/wp\/v2\/pages\/14\/revisions\/55"}],"wp:attachment":[{"href":"https:\/\/utmot.mekorganic.com\/index.php\/wp-json\/wp\/v2\/media?parent=14"}],"curies":[{"name":"wp","href":"https:\/\/api.w.org\/{rel}","templated":true}]}}